k = 24 - 16. Let w = k + 11. What are the prime factors of w?
19
Let c = 11 + 3. What are the prime factors of c?
2, 7
Suppose 5*k - 201 = -66. Suppose -x - 2*z + k = 2*z, 4*z - 113 = -3*x. What are the prime factors of x?
43
Suppose -5*f + 32 = -f. Suppose h = -h + f. List the prime factors of h.
2
Let a be 8 + (2 + -3)*3. Let t = a + 7. What are the prime factors of t?
2, 3
Suppose 1 = -3*h + 19. List the prime factors of h.
2, 3
Let m = -550 - -922. List the prime factors of m.
2, 3, 31
Let p(h) = -h**3 - 6*h**2 - 3*h + 7. What are the prime factors of p(-7)?
7, 11
Let t = 191 - 163. List the prime factors of t.
2, 7
Suppose -3*d + 42 = 4*d. What are the prime factors of d?
2, 3
Let w be 2/(-3)*3 - -5. Suppose w*n + n = 16. Suppose -p - n*p + 55 = 0. List the prime factors of p.
11
List the prime factors of ((-2)/(-2) - 2)*-3.
3
Suppose -4*p + 3*p + 73 = -5*y, 0 = 3*p + 2*y - 151. Suppose 8 = -5*f + p. What are the prime factors of f?
3
Let n(c) = -c**3 - c**2 - 5*c + 6. What are the prime factors of n(-5)?
131
List the prime factors of 9*1/15*45.
3
Let q = -11 + 21. Suppose -u - q = -3*u - 5*f, -u - f = -2. Suppose 0*r - 3*r + 68 = -5*g, u = r - 3*g - 28. What are the prime factors of r?
2
Suppose -3*s + r = -13, -2*s - 10 = -4*s + 2*r. What are the prime factors of s?
2
Let x(a) = -a - 3. Let i be x(0). Let o = 20 + i. List the prime factors of o.
17
Let a(u) = -u - u + 6*u + u**2 + 6. Let i be a(-4). List the prime factors of (16/i)/((-2)/(-6)).
2
Let m(d) = -d**2 + 7*d - 2. Let g = 3 + 3. Let j be m(g). What are the prime factors of (2 - 1)*(7 + j)?
11
Let u be (-87)/(-4) + 6/24. Suppose -4*w = -u - 26. Suppose -12 - w = -3*n. List the prime factors of n.
2
Let k = -81 + 166. What are the prime factors of k?
5, 17
Let t(u) = u - 15. Let d be t(0). Let o be 553/(-49) + (-2)/(-7). Let n = o - d. What are the prime factors of n?
2
Suppose 0 = -4*p - 12, -4*p + 5 = 2*m + 11. Suppose -69 = -m*t - 3*w, w + 5 = -0. List the prime factors of t/5 - 10/(-25).
2, 3
Let g(f) = -3 - f + 2 + 0 + 2 + 20*f**2. What are the prime factors of g(1)?
2, 5
Let s = -40 + 102. What are the prime factors of s?
2, 31
Let u(t) = -9*t - 3. What are the prime factors of u(-4)?
3, 11
Let p(g) = -g**2 + 2*g + 48. Let r be 6/(3/(-1)) - -2. List the prime factors of p(r).
2, 3
Let x = 1 + -2. Let d = 4 + x. Suppose -9 = -4*o - d*t + 1, 28 = 5*o - 4*t. List the prime factors of o.
2
Let a(b) = b + 11. Let r be a(-9). Suppose -r*i = i. Suppose i*y = -2*y + 18. List the prime factors of y.
3
Let x be 1*(-1 - 0) - -2. Let q = x + -8. Let c = 8 - q. List the prime factors of c.
3, 5
Suppose -2*m = 4*m - 24. Let f(d) = 5*d - 2. What are the prime factors of f(m)?
2, 3
Let f = -5 + 66. List the prime factors of f.
61
Suppose -2*a = 4*s - 6, 2*s - 13 + 0 = a. Suppose -s*p = -9*p + 10. Suppose 2*g = -2*f + g + 20, p*f - 3*g = 28. List the prime factors of f.
11
Let p(c) = -3*c. Suppose w = s + 1 + 1, -4*s - 11 = -3*w. What are the prime factors of p(s)?
3, 5
Let s(w) = 13*w + 1. Let a(z) = 2*z**2 - 1 - 1 + 3 - 6*z - z**2. Let u be a(6). List the prime factors of s(u).
2, 7
Suppose -4 = -2*w + 2. Suppose -11 = -w*u + 10. What are the prime factors of u?
7
Let q = -18 + 201. List the prime factors of q.
3, 61
Let h(l) = 2*l**2 - 2*l. Let o be h(2). What are the prime factors of 19 - 1 - o/2?
2
Let s(z) = -5*z + 11. Let w(m) = -2*m + 4. Let y(j) = 3*s(j) - 8*w(j). Let l(k) = k**2 - 2*k. Let d be l(3). List the prime factors of y(d).
2
Let c be 2 - (0/(-1) + -13). Suppose 3*d = -3 + c. List the prime factors of d.
2
Suppose 114 = -3*p - 0*p + 3*v, 4*p + 176 = -2*v. Let r = -25 - p. What are the prime factors of r?
17
Let y = 2 - -7. Let g be -3*(2 - 33/y). Suppose -2*d - g*h + 8 = -4, -2 = h. List the prime factors of d.
11
Let b(s) = -s**3 + 7*s**2 + 4*s - 9. What are the prime factors of b(4)?
5, 11
Let j be (-3)/((-27)/6)*6. Suppose -115 = -j*b - b. Suppose 37 + b = 5*d. What are the prime factors of d?
2, 3
Let o(l) = -l**3 - 3*l**2 - 3*l. Let f be o(-2). Let q(w) = 6 - 1 - f - 3*w**2 + 6*w + 4*w**2. What are the prime factors of q(-6)?
3
Let o(y) = 273*y**3 - y**2 - 3*y + 4. What are the prime factors of o(1)?
3, 7, 13
Let h(n) = -33*n + 10. List the prime factors of h(-7).
241
Suppose -y - 3*y + 20 = 0. Suppose 3*g - y*x - 100 = 0, 2*g + 0*g - 2*x - 68 = 0. What are the prime factors of g?
5, 7
Let t = -5 + 44. List the prime factors of t.
3, 13
What are the prime factors of (6/9 + 140/(-12))/(-1)?
11
Suppose 2*y + 27 + 116 = 5*u, 3*u - 3*y = 93. Suppose 4*b - l - 21 = -0*l, 5*l = -2*b + u. List the prime factors of b.
2, 3
Suppose 4*h = 23 + 9. Let p = 17 + h. What are the prime factors of p?
5
Suppose 61 + 39 = 2*z. List the prime factors of z.
2, 5
Let k(h) = 2*h**2 - 3*h + 3. Let b be 0/(-1) + 3 + 0. Suppose -r - b = -2*r. List the prime factors of k(r).
2, 3
Suppose 3*q - k - 399 + 35 = 0, -367 = -3*q + 4*k. What are the prime factors of q?
11
Let z(v) = 34*v**2 - 4*v + 2. List the prime factors of z(2).
2, 5, 13
Suppose x - 6*x + 85 = 0. What are the prime factors of x?
17
Let n = 19 - -20. What are the prime factors of n?
3, 13
Suppose -3*r + r - f = -25, 0 = -5*r + 5*f + 100. List the prime factors of r.
3, 5
Let f = -11 + 99. Suppose -3*n - f = -7*n. List the prime factors of n.
2, 11
What are the prime factors of ((-10)/4 - 2)*56/(-6)?
2, 3, 7
Let z = -192 - -428. What are the prime factors of z?
2, 59
Let c be (-3268)/(-34) - (-12)/(-102). Suppose -q + c = q. List the prime factors of q.
2, 3
Suppose 0 = -2*r + 6*r + 20. Let w(n) = -n + 3 - 3 + 0. What are the prime factors of w(r)?
5
Let j(w) = w**2 - 5*w. Suppose 4*x = 2*n + 8, 0*n - 3*x = 3*n - 33. List the prime factors of j(n).
2, 3
Let r(w) = -w**3 + 7*w**2 - 4*w - 7. Let m be r(6). Suppose m*u - z = 219, 3*z + 0 - 3 = 0. Suppose -u + 4 = -5*s. List the prime factors of s.
2
Let r(o) be the first derivative of o**5/20 + o**4/2 + o**3/6 - 2*o**2 - 3*o - 2. Let z(i) be the first derivative of r(i). List the prime factors of z(-5).
2
Let g be -15*((-36)/(-15))/(-4). Let f = g - -8. List the prime factors of f.
17
Suppose -11*p + 7*p + 28 = 0. What are the prime factors of p?
7
Let y(v) = 10*v - 3. List the prime factors of y(5).
47
Let h be ((-1)/3)/((-3)/(-27)). Let p(r) = -5*r - 1. List the prime factors of p(h).
2, 7
Let s = 66 + -27. List the prime factors of s.
3, 13
Suppose -4*o + 5 = 3*k, -4*o + 5*k = 2*k - 11. Let d(u) = 4*u**2 - 3*u**3 + o*u - 3*u - 6*u**2. What are the prime factors of d(-1)?
2
Let j(m) = -m - 10. Let o be j(-9). What are the prime factors of ((-24)/7)/(o/7)?
2, 3
Suppose -164 = -5*r - 4*q, 3*q + 0 = -12. Let l = 9 + -5. Suppose z - r = -l*o, -3*o + 63 = 3*z - 0*z. What are the prime factors of z?
2
Let k(w) = w - 12. Let i be k(0). What are the prime factors of (0 + i/(-3))*3?
2, 3
What are the prime factors of (-32)/(-40) - 1353/(-15)?
7, 13
Suppose 0 = -0*y + 2*y - 12. Let u(x) = -x**3 + 6*x**2 + 3*x. Let n be u(y). Suppose -n = -2*r - 5*m, -3*r + 40 = m - 0*m. List the prime factors of r.
2, 7
Suppose 8 = -4*z, 5 = c - 5*z + 4. Let p be (-1)/(-3) + (-123)/c. Let r = p + -3. List the prime factors of r.
11
Let y(i) be the first derivative of -4*i + 3 - 1/2*i**2. What are the prime factors of y(-11)?
7
Let z(u) = -u**3 + 5*u**2 - 4*u + 6. List the prime factors of z(-5).
2, 3, 23
Let m(z) = z**3 + 8*z**2 + 5*z - 5. List the prime factors of m(-6).
37
Let w(k) = -4*k**3 + 10*k**2 + 10*k - 14. Let v(d) = -d**3 - d. Let h(o) = -3*v(o) + w(o). What are the prime factors of h(11)?
2
Let d(r) = -r**3 - 9*r**2 + 4. Let s be (2 - -4)/((-4)/6). List the prime factors of d(s).
2
Let w(v) = -v**2 - 7*v. Let h be w(-6). Let p = -2 - -1. Let z = p + h. What are the prime factors of z?
5
List the prime factors of 9 + 49 - (-1 - -2).
3, 19
Suppose 0 = 3*p - 31 - 8. List the prime factors of p.
13
Suppose -2*z = z + 36. Let v(m) = m + 8. Let d be v(-6). List the prime factors of (1 + d)*(-8)/z.
2
Suppose 4*a = 5*r + 578, -a + r + 33 = -112. What are the prime factors of a?
3, 7
Let j = -10 - -84. What are the prime factors of j?
2, 37
Suppose -m + 5*m = 40. Suppose 15 = 5*p - m. List the prime factors of p.
5
Let u = 31 - 19. Suppose 5*g - 2*b - 2*b = -17, -4*b = -u. List the prime factors of (